 when 65 is divided by 45?
20
Calculate the remainder when 517 is divided by 106.
93
Calculate the remainder when 655 is divided by 45.
25
What is the remainder when 5522 is divided by 25?
22
Calculate the remainder when 250 is divided by 84.
82
Calculate the remainder when 174 is divided by 20.
14
What is the remainder when 22 is divided by 14?
8
Calculate the remainder when 398 is divided by 8.
6
What is the remainder when 372 is divided by 15?
12
Calculate the remainder when 598 is divided by 587.
11
Calculate the remainder when 543 is divided by 2.
1
What is the remainder when 181 is divided by 109?
72
What is the remainder when 628 is divided by 30?
28
Calculate the remainder when 102 is divided by 19.
7
What is the remainder when 92 is divided by 40?
12
What is the remainder when 1453 is divided by 726?
1
Calculate the remainder when 97 is divided by 10.
7
Calculate the remainder when 27 is divided by 23.
4
Calculate the remainder when 269 is divided by 36.
17
Calculate the remainder when 4135 is divided by 143.
131
Calculate the remainder when 322 is divided by 6.
4
Calculate the remainder when 10029 is divided by 11.
8
Calculate the remainder when 408 is divided by 178.
52
What is the remainder when 248 is divided by 14?
10
What is the remainder when 1125 is divided by 8?
5
Calculate the remainder when 177 is divided by 99.
78
What is the remainder when 121 is divided by 42?
37
Calculate the remainder when 538 is divided by 11.
10
Calculate the remainder when 698 is divided by 61.
27
What is the remainder when 3254 is divided by 44?
42
What is the remainder when 26 is divided by 10?
6
Calculate the remainder when 461 is divided by 80.
61
What is the remainder when 244 is divided by 62?
58
Calculate the remainder when 377 is divided by 19.
16
Calculate the remainder when 1049 is divided by 25.
24
What is the remainder when 471 is divided by 150?
21
What is the remainder when 562 is divided by 19?
11
Calculate the remainder when 380 is divided by 117.
29
Calculate the remainder when 1934 is divided by 320.
14
Calculate the remainder when 310 is divided by 26.
24
What is the remainder when 857 is divided by 425?
7
Calculate the remainder when 260 is divided by 125.
10
Calculate the remainder when 1727 is divided by 36.
35
What is the remainder when 240 is divided by 143?
97
What is the remainder when 7986 is divided by 210?
6
What is the remainder when 962 is divided by 108?
98
Calculate the remainder when 2099 is divided by 208.
19
What is the remainder when 450 is divided by 182?
86
Calculate the remainder when 27 is divided by 9.
0
Calculate the remainder when 10254 is divided by 293.
292
Calculate the remainder when 80 is divided by 25.
5
Calculate the remainder when 93 is divided by 16.
13
Calculate the remainder when 332 is divided by 86.
74
Calculate the remainder when 940 is divided by 242.
214
What is the remainder when 4001 is divided by 77?
74
What is the remainder when 119 is divided by 44?
31
Calculate the remainder when 545 is divided by 39.
38
What is the remainder when 4066 is divided by 4?
2
Calculate the remainder when 82 is divided by 43.
39
Calculate the remainder when 2160 is divided by 107.
20
Calculate the remainder when 756 is divided by 114.
72
What is the remainder when 66 is divided by 4?
2
Calculate the remainder when 69 is divided by 10.
9
What is the remainder when 69 is divided by 8?
5
Calculate the remainder when 14798 is divided by 74.
72
What is the remainder when 108 is divided by 52?
4
What is the remainder when 166 is divided by 21?
19
Calculate the remainder when 10204 is divided by 3401.
1
What is the remainder when 122 is divided by 42?
38
Calculate the remainder when 516 is divided by 105.
96
Calculate the remainder when 336 is divided by 50.
36
Calculate the remainder when 410 is divided by 23.
19
What is the remainder when 64 is divided by 5?
4
What is the remainder when 251 is divided by 76?
23
What is the remainder when 1838 is divided by 51?
2
Calculate the remainder when 131 is divided by 11.
10
Calculate the remainder when 129 is divided by 37.
18
Calculate the remainder when 302 is divided by 212.
90
Calculate the remainder when 5039 is divided by 5031.
8
What is the remainder when 102 is divided by 30?
12
What is the remainder when 222 is divided by 75?
72
Calculate the remainder when 382 is divided by 12.
10
What is the remainder when 205 is divided by 34?
1
Calculate the remainder when 51 is divided by 4.
3
What is the remainder when 46 is divided by 46?
0
Calculate the remainder when 900 is divided by 152.
140
What is the remainder when 7393 is divided by 7?
1
What is the remainder when 659 is divided by 55?
54
Calculate the remainder when 3433 is divided by 164.
153
What is the remainder when 1708 is divided by 45?
43
Calculate the remainder when 151 is divided by 10.
1
Calculate the remainder when 476 is divided by 48.
44
Calculate the remainder when 206 is divided by 22.
8
What is the remainder when 126 is divided by 57?
12
What is the remainder when 37 is divided by 10?
7
Calculate the remainder when 175 is divided by 44.
43
What is the remainder when 280 is divided by 52?
20
What is the remainder when 131 is divided by 29?
15
What is the remainder when 1619 is divided by 20?
19
What is the remainder when 2048 is divided by 680?
8
Calculate the remainder when 513 is divided by 60.
33
Calculate the remainder when 123 is divided by 19.
9
What is the remainder when 94 is divided by 18?
4
What is the remainder when 531 is divided by 76?
75
Calculate the remainder when 1015 is divided by 127.
126
What is the remainder when 125 is divided by 3?
2
What is the remainder when 514 is divided by 26?
20
What is the remainder when 518 is divided by 263?
255
Calculate the remainder when 52 is divided by 40.
12
Calculate the remainder when 3197 is divided by 100.
97
What is the remainder when 163 is divided by 11?
9
Calculate the remainder when 418 is divided by 21.
19
What is the remainder when 172 is divided by 63?
46
Calculate the remainder when 1030 is divided by 43.
41
Calculate the remainder when 101 is divided by 98.
3
Calculate the remainder when 221 is divided by 28.
25
Calculate the remainder when 227 is divided by 79.
69
What is the remainder when 2060 is divided by 106?
46
Calculate the remainder when 446 is divided by 15.
11
Calculate the remainder when 531 is divided by 62.
35
What is the remainder when 205 is divided by 70?
65
Calculate the remainder when 94 is divided by 34.
26
What is the remainder when 309 is divided by 26?
23
What is the remainder when 2735 is divided by 161?
159
What is the remainder when 1295 is divided by 161?
7
What is the remainder when 715 is divided by 191?
142
Calculate the remainder when 445 is divided by 64.
61
Calculate the remainder when 127 is divided by 44.
39
What is the remainder when 283 is divided by 41?
37
What is the remainder when 88 is divided by 23?
19
What is the remainder when 89 is divided by 46?
43
What is the remainder when 1135 is divided by 114?
109
Calculate the remainder when 1499 is divided by 35.
29
Calculate the remainder when 997 is divided by 990.
7
Calculate the remainder when 468 is divided by 13.
0
Calculate the remainder when 343 is divided by 24.
7
What is the remainder when 377 is divided by 18?
17
Calculate the remainder when 1195 is divided by 150.
145
Calculate the remainder when 227 is divided by 21.
17
Calculate the remainder when 149 is divided by 35.
9
What is the remainder when 117 is divided by 10?
7
What is the remainder when 85 is divided by 11?
8
Calculate the remainder when 44 is divided by 7.
2
What is the remainder when 330 is divided by 104?
18
What is the remainder when 556 is divided by 93?
91
Calculate the remainder when 219 is divided by 57.
48
Calculate the remainder when 363 is divided by 119.
6
Calculate the remainder when 811 is divided by 44.
19
Calculate the remainder when 1288 is divided by 49.
14
What is the remainder when 177 is divided by 31?
22
Calculate the remainder when 152 is divided by 33.
20
What is the remainder when 125 is divided by 68?
57
What is the remainder when 6475 is divided by 249?
1
Calculate the remainder when 907 is divided by 22.
5
Calculate the remainder when 56 